{"id":699,"date":"2020-11-26T11:09:31","date_gmt":"2020-11-26T10:09:31","guid":{"rendered":"http:\/\/christelle.fargue.com\/?page_id=699"},"modified":"2026-04-10T17:38:08","modified_gmt":"2026-04-10T15:38:08","slug":"location-vente","status":"publish","type":"page","link":"https:\/\/christelle.fargue.com\/?page_id=699","title":{"rendered":"Art Sacr\u00e9"},"content":{"rendered":"\n<p><em>\u00ab&nbsp;Parmi les plus nobles activit\u00e9s de l\u2019esprit humain, on compte \u00e0 tr\u00e8s bon droit les beaux-arts, mais surtout l\u2019art religieux et ce qui en est le sommet, l\u2019art sacr\u00e9. Par nature, ils visent \u00e0 exprimer de quelque fa\u00e7on dans les \u0153uvres humaines la beaut\u00e9 infinie de Dieu, et ils se consacrent d\u2019autant plus \u00e0 accro\u00eetre sa louange et sa gloire qu\u2019ils n\u2019ont pas d\u2019autre propos que de contribuer le plus possible, par leurs \u0153uvres, \u00e0 tourner les \u00e2mes humaines vers Dieu.\u00bb<\/em> Chapitre VII \u00ab L\u2019art sacr\u00e9 et le mat\u00e9riel du culte \u00bb, \u00a7 122, Constitution Sur La Sainte Liturgie : Sacrosanctum Concilium Concile Vatican II<\/p>\n\n\n<div class=\"wp-block-image\">\n<figure class=\"aligncenter size-large\"><img loading=\"lazy\" decoding=\"async\" width=\"567\" height=\"273\" src=\"https:\/\/christelle.fargue.com\/wp-content\/uploads\/2025\/12\/tryptique-Deplanne-1.jpg\" alt=\"\" class=\"wp-image-1009\" srcset=\"https:\/\/christelle.fargue.com\/wp-content\/uploads\/2025\/12\/tryptique-Deplanne-1.jpg 567w, https:\/\/christelle.fargue.com\/wp-content\/uploads\/2025\/12\/tryptique-Deplanne-1-300x144.jpg 300w, https:\/\/christelle.fargue.com\/wp-content\/uploads\/2025\/12\/tryptique-Deplanne-1-223x107.jpg 223w\" sizes=\"auto, (max-width: 567px) 100vw, 567px\" \/><figcaption class=\"wp-element-caption\">Psaume 18,2 : <em>\u201cLes cieux proclament la gloire de Dieu, <br>le firmament raconte l&rsquo;ouvrage de ses mains\u201d<\/em> <br>Peinture \u00e0 l&rsquo;huile sur planches de ch\u00eane &#8211; L1,80mxH0,90m &#8211; Commande particuli\u00e8re<\/figcaption><\/figure>\n<\/div>\n\n<div class=\"wp-block-image\">\n<figure class=\"aligncenter size-large\"><img loading=\"lazy\" decoding=\"async\" width=\"567\" height=\"240\" src=\"https:\/\/christelle.fargue.com\/wp-content\/uploads\/2025\/12\/tryptique-Deplanne-2.jpg\" alt=\"\" class=\"wp-image-1010\" srcset=\"https:\/\/christelle.fargue.com\/wp-content\/uploads\/2025\/12\/tryptique-Deplanne-2.jpg 567w, https:\/\/christelle.fargue.com\/wp-content\/uploads\/2025\/12\/tryptique-Deplanne-2-300x127.jpg 300w, https:\/\/christelle.fargue.com\/wp-content\/uploads\/2025\/12\/tryptique-Deplanne-2-223x94.jpg 223w\" sizes=\"auto, (max-width: 567px) 100vw, 567px\" \/><figcaption class=\"wp-element-caption\">D\u00e9tails<\/figcaption><\/figure>\n<\/div>\n\n<div class=\"wp-block-image is-resized\">\n<figure class=\"aligncenter size-large\"><img loading=\"lazy\" decoding=\"async\" width=\"567\" height=\"425\" src=\"https:\/\/christelle.fargue.com\/wp-content\/uploads\/2025\/12\/st-barth-1.jpg\" alt=\"\" class=\"wp-image-984\" srcset=\"https:\/\/christelle.fargue.com\/wp-content\/uploads\/2025\/12\/st-barth-1.jpg 567w, https:\/\/christelle.fargue.com\/wp-content\/uploads\/2025\/12\/st-barth-1-300x225.jpg 300w, https:\/\/christelle.fargue.com\/wp-content\/uploads\/2025\/12\/st-barth-1-223x167.jpg 223w\" sizes=\"auto, (max-width: 567px) 100vw, 567px\" \/><figcaption class=\"wp-element-caption\">Peinture \u00e0 l&rsquo;huile sur bois &#8211; L4,50mxH3,20m <br>Chapelle du Saint-Sacrement de l&rsquo;\u00e9glise de Saint-Barth\u00e9lemy-d&rsquo;Anjou<\/figcaption><\/figure>\n<\/div>\n\n<div class=\"wp-block-image\">\n<figure class=\"aligncenter size-large\"><img loading=\"lazy\" decoding=\"async\" width=\"567\" height=\"193\" src=\"https:\/\/christelle.fargue.com\/wp-content\/uploads\/2025\/12\/st-barth-4-3.jpg\" alt=\"\" class=\"wp-image-1014\" srcset=\"https:\/\/christelle.fargue.com\/wp-content\/uploads\/2025\/12\/st-barth-4-3.jpg 567w, https:\/\/christelle.fargue.com\/wp-content\/uploads\/2025\/12\/st-barth-4-3-300x102.jpg 300w, https:\/\/christelle.fargue.com\/wp-content\/uploads\/2025\/12\/st-barth-4-3-223x76.jpg 223w\" sizes=\"auto, (max-width: 567px) 100vw, 567px\" \/><figcaption class=\"wp-element-caption\">D\u00e9tails<\/figcaption><\/figure>\n<\/div>\n\n<div class=\"wp-block-image\">\n<figure class=\"aligncenter size-large\"><img loading=\"lazy\" decoding=\"async\" width=\"567\" height=\"542\" src=\"https:\/\/christelle.fargue.com\/wp-content\/uploads\/2025\/12\/st-Joseph-1.jpg\" alt=\"\" class=\"wp-image-1005\" srcset=\"https:\/\/christelle.fargue.com\/wp-content\/uploads\/2025\/12\/st-Joseph-1.jpg 567w, https:\/\/christelle.fargue.com\/wp-content\/uploads\/2025\/12\/st-Joseph-1-300x287.jpg 300w, https:\/\/christelle.fargue.com\/wp-content\/uploads\/2025\/12\/st-Joseph-1-223x213.jpg 223w\" sizes=\"auto, (max-width: 567px) 100vw, 567px\" \/><figcaption class=\"wp-element-caption\">Peinture \u00e0 la cas\u00e9ine &#8211; Chapelle particuli\u00e8re &#8211; Angers<\/figcaption><\/figure>\n<\/div>\n\n<div class=\"wp-block-image\">\n<figure class=\"aligncenter size-large\"><img loading=\"lazy\" decoding=\"async\" width=\"567\" height=\"655\" src=\"https:\/\/christelle.fargue.com\/wp-content\/uploads\/2025\/12\/st-Joseph-2.jpg\" alt=\"\" class=\"wp-image-1006\" srcset=\"https:\/\/christelle.fargue.com\/wp-content\/uploads\/2025\/12\/st-Joseph-2.jpg 567w, https:\/\/christelle.fargue.com\/wp-content\/uploads\/2025\/12\/st-Joseph-2-260x300.jpg 260w, https:\/\/christelle.fargue.com\/wp-content\/uploads\/2025\/12\/st-Joseph-2-223x258.jpg 223w\" sizes=\"auto, (max-width: 567px) 100vw, 567px\" \/><figcaption class=\"wp-element-caption\">Peinture \u00e0 la cas\u00e9ine &#8211; Chapelle particuli\u00e8re &#8211; Angers<\/figcaption><\/figure>\n<\/div>\n\n\n<div class=\"wp-block-columns is-layout-flex wp-container-core-columns-is-layout-9d6595d7 wp-block-columns-is-layout-flex\">\n<div class=\"wp-block-column is-layout-flow wp-block-column-is-layout-flow\" style=\"flex-basis:48%\"><div class=\"wp-block-image\">\n<figure class=\"aligncenter size-full is-resized\"><img loading=\"lazy\" decoding=\"async\" width=\"827\" height=\"1024\" src=\"https:\/\/christelle.fargue.com\/wp-content\/uploads\/2026\/02\/Tableau-Esperance-petit-827x1024-1.jpg\" alt=\"\" class=\"wp-image-1041\" style=\"aspect-ratio:0.8076180834572432;width:234px;height:auto\" srcset=\"https:\/\/christelle.fargue.com\/wp-content\/uploads\/2026\/02\/Tableau-Esperance-petit-827x1024-1.jpg 827w, https:\/\/christelle.fargue.com\/wp-content\/uploads\/2026\/02\/Tableau-Esperance-petit-827x1024-1-242x300.jpg 242w, https:\/\/christelle.fargue.com\/wp-content\/uploads\/2026\/02\/Tableau-Esperance-petit-827x1024-1-223x276.jpg 223w, https:\/\/christelle.fargue.com\/wp-content\/uploads\/2026\/02\/Tableau-Esperance-petit-827x1024-1-768x951.jpg 768w\" sizes=\"auto, (max-width: 827px) 100vw, 827px\" \/><figcaption class=\"wp-element-caption\"><strong>Titre :<\/strong> Lumen de lumine<br><strong>Format :<\/strong> 41x33cm<br>Peinture \u00e0 l&rsquo;huile sur toile<\/figcaption><\/figure>\n<\/div><\/div>\n\n\n\n<div class=\"wp-block-column is-layout-flow wp-block-column-is-layout-flow\" style=\"flex-basis:52%\"><div class=\"wp-block-image\">\n<figure class=\"aligncenter size-full\"><img loading=\"lazy\" decoding=\"async\" width=\"218\" height=\"286\" src=\"https:\/\/christelle.fargue.com\/wp-content\/uploads\/2026\/02\/Resurrection-OK-217x286pixels-1.jpg\" alt=\"\" class=\"wp-image-1043\"\/><figcaption class=\"wp-element-caption\"><strong>Titre :  <\/strong>Resurrection<br><strong>Format: <\/strong>40&#215;30  cm<br><strong>Support : <\/strong>aluminium bross\u00e9<\/figcaption><\/figure>\n<\/div><\/div>\n<\/div>\n\n\n\n<div class=\"wp-block-columns is-layout-flex wp-container-core-columns-is-layout-9d6595d7 wp-block-columns-is-layout-flex\">\n<div class=\"wp-block-column is-vertically-aligned-top is-layout-flow wp-block-column-is-layout-flow\"><div class=\"wp-block-image\">\n<figure class=\"aligncenter size-large\"><img loading=\"lazy\" decoding=\"async\" width=\"217\" height=\"286\" src=\"https:\/\/christelle.fargue.com\/wp-content\/uploads\/2016\/05\/Lesprit-bienveillant-BD2.jpg\" alt=\"\" class=\"wp-image-442\"\/><figcaption class=\"wp-element-caption\"><strong>Titre :  <\/strong>L&rsquo;esprit bienveillant<br><strong>Format: <\/strong>80&#215;60  cm<br><strong>Support : <\/strong>aluminium bross\u00e9<\/figcaption><\/figure>\n<\/div><\/div>\n\n\n\n<div class=\"wp-block-column is-layout-flow wp-block-column-is-layout-flow\"><div class=\"wp-block-image\">\n<figure class=\"aligncenter size-large\"><img loading=\"lazy\" decoding=\"async\" width=\"217\" height=\"286\" src=\"https:\/\/christelle.fargue.com\/wp-content\/uploads\/2016\/05\/La-bienveillance-faite-m\u00e8re-BD2.jpg\" alt=\"\" class=\"wp-image-445\"\/><figcaption class=\"wp-element-caption\"><strong>Titre :  <\/strong>L&rsquo;\u00c9toile de l&rsquo;aube<br><strong>Format: <\/strong>80&#215;60  cm<br><strong>Support : <\/strong>aluminium bross\u00e9<\/figcaption><\/figure>\n<\/div><\/div>\n<\/div>\n\n\n<div class=\"wp-block-image is-resized\">\n<figure class=\"aligncenter size-large\"><img loading=\"lazy\" decoding=\"async\" width=\"850\" height=\"425\" src=\"https:\/\/christelle.fargue.com\/wp-content\/uploads\/2016\/05\/Le-Semeur-de-bienveillance-BD.jpg\" alt=\"\" class=\"wp-image-449\" srcset=\"https:\/\/christelle.fargue.com\/wp-content\/uploads\/2016\/05\/Le-Semeur-de-bienveillance-BD.jpg 850w, https:\/\/christelle.fargue.com\/wp-content\/uploads\/2016\/05\/Le-Semeur-de-bienveillance-BD-223x112.jpg 223w, https:\/\/christelle.fargue.com\/wp-content\/uploads\/2016\/05\/Le-Semeur-de-bienveillance-BD-300x150.jpg 300w\" sizes=\"auto, (max-width: 850px) 100vw, 850px\" \/><figcaption class=\"wp-element-caption\"><strong>Titre :  <\/strong>Le Semeur d&rsquo;Esp\u00e9rance<br><strong>Format: <\/strong>60&#215;120  cm<br><strong>Support : <\/strong>aluminium bross\u00e9<\/figcaption><\/figure>\n<\/div>","protected":false},"excerpt":{"rendered":"<p>\u00ab&nbsp;Parmi les plus nobles activit\u00e9s de l\u2019esprit humain, on compte \u00e0 tr\u00e8s bon droit les beaux-arts, mais surtout l\u2019art religieux et ce qui en est le sommet, l\u2019art sacr\u00e9. Par nature, ils visent \u00e0 exprimer de quelque fa\u00e7on dans les \u0153uvres humaines la beaut\u00e9 infinie de Dieu, et ils se consacrent d\u2019autant plus \u00e0 accro\u00eetre [&hellip;]<\/p>\n","protected":false},"author":1,"featured_media":0,"parent":0,"menu_order":3,"comment_status":"closed","ping_status":"closed","template":"","meta":{"footnotes":""},"class_list":["post-699","page","type-page","status-publish","hentry"],"_links":{"self":[{"href":"https:\/\/christelle.fargue.com\/index.php?rest_route=\/wp\/v2\/pages\/699","targetHints":{"allow":["GET"]}}],"collection":[{"href":"https:\/\/christelle.fargue.com\/index.php?rest_route=\/wp\/v2\/pages"}],"about":[{"href":"https:\/\/christelle.fargue.com\/index.php?rest_route=\/wp\/v2\/types\/page"}],"author":[{"embeddable":true,"href":"https:\/\/christelle.fargue.com\/index.php?rest_route=\/wp\/v2\/users\/1"}],"replies":[{"embeddable":true,"href":"https:\/\/christelle.fargue.com\/index.php?rest_route=%2Fwp%2Fv2%2Fcomments&post=699"}],"version-history":[{"count":35,"href":"https:\/\/christelle.fargue.com\/index.php?rest_route=\/wp\/v2\/pages\/699\/revisions"}],"predecessor-version":[{"id":1096,"href":"https:\/\/christelle.fargue.com\/index.php?rest_route=\/wp\/v2\/pages\/699\/revisions\/1096"}],"wp:attachment":[{"href":"https:\/\/christelle.fargue.com\/index.php?rest_route=%2Fwp%2Fv2%2Fmedia&parent=699"}],"curies":[{"name":"wp","href":"https:\/\/api.w.org\/{rel}","templated":true}]}}